{"id":4363,"date":"2024-12-05T14:41:18","date_gmt":"2024-12-05T12:41:18","guid":{"rendered":"https:\/\/www.espacegraphique.com\/blog\/?page_id=4363"},"modified":"2024-12-05T15:12:07","modified_gmt":"2024-12-05T13:12:07","slug":"photos-de-labiees","status":"publish","type":"page","link":"https:\/\/www.espacegraphique.com\/blog\/photos-de-labiees","title":{"rendered":"Photos de Labi\u00e9es"},"content":{"rendered":"\n<p><a href=\"https:\/\/www.espacegraphique.com\/labiees\/mentha.php\" title=\"\">Famille des Labi\u00e9es<\/a> &gt; Photos<\/p>\n\n\n\n<p>Galerie photos de fleurs de Labi\u00e9es. De la Menthe poivr\u00e9e \u00e0 l&rsquo;Ortie blanche en passant par le Lierre terrestre.<\/p>\n\n\n\n<figure class=\"wp-block-gallery has-nested-images columns-default is-cropped wp-block-gallery-1 is-layout-flex wp-block-gallery-is-layout-flex\">\n<figure class=\"wp-block-image size-large\"><a href=\"https:\/\/www.espacegraphique.com\/blog\/wp-content\/uploads\/2024\/12\/14-4.jpg\"><img loading=\"lazy\" decoding=\"async\" width=\"640\" height=\"480\" data-id=\"4378\" src=\"https:\/\/www.espacegraphique.com\/blog\/wp-content\/uploads\/2024\/12\/14-4.jpg\" alt=\"\" class=\"wp-image-4378\" srcset=\"https:\/\/www.espacegraphique.com\/blog\/wp-content\/uploads\/2024\/12\/14-4.jpg 640w, https:\/\/www.espacegraphique.com\/blog\/wp-content\/uploads\/2024\/12\/14-4-300x225.jpg 300w\" sizes=\"auto, (max-width: 640px) 100vw, 640px\" \/><\/a><figcaption class=\"wp-element-caption\">Mentha x piperita (Menthe poivr\u00e9e, Milly la for\u00eat) <\/figcaption><\/figure>\n\n\n\n<figure class=\"wp-block-image size-large\"><a href=\"https:\/\/www.espacegraphique.com\/blog\/wp-content\/uploads\/2024\/12\/1-5.jpg\"><img loading=\"lazy\" decoding=\"async\" width=\"480\" height=\"640\" data-id=\"4365\" src=\"https:\/\/www.espacegraphique.com\/blog\/wp-content\/uploads\/2024\/12\/1-5.jpg\" alt=\"\" class=\"wp-image-4365\" srcset=\"https:\/\/www.espacegraphique.com\/blog\/wp-content\/uploads\/2024\/12\/1-5.jpg 480w, https:\/\/www.espacegraphique.com\/blog\/wp-content\/uploads\/2024\/12\/1-5-225x300.jpg 225w\" sizes=\"auto, (max-width: 480px) 100vw, 480px\" \/><\/a><figcaption class=\"wp-element-caption\">Lamium album (Lamier blanc, Ortie blanche) &#8211; Fleurs<\/figcaption><\/figure>\n\n\n\n<figure class=\"wp-block-image size-large\"><a href=\"https:\/\/www.espacegraphique.com\/blog\/wp-content\/uploads\/2024\/12\/13-4.jpg\"><img loading=\"lazy\" decoding=\"async\" width=\"480\" height=\"640\" data-id=\"4377\" src=\"https:\/\/www.espacegraphique.com\/blog\/wp-content\/uploads\/2024\/12\/13-4.jpg\" alt=\"\" class=\"wp-image-4377\" srcset=\"https:\/\/www.espacegraphique.com\/blog\/wp-content\/uploads\/2024\/12\/13-4.jpg 480w, https:\/\/www.espacegraphique.com\/blog\/wp-content\/uploads\/2024\/12\/13-4-225x300.jpg 225w\" sizes=\"auto, (max-width: 480px) 100vw, 480px\" \/><\/a><figcaption class=\"wp-element-caption\">Lycope d&rsquo;Europe (Lycopus europaeus L.)<\/figcaption><\/figure>\n\n\n\n<figure class=\"wp-block-image size-large\"><a href=\"https:\/\/www.espacegraphique.com\/blog\/wp-content\/uploads\/2024\/12\/12-4.jpg\"><img loading=\"lazy\" decoding=\"async\" width=\"480\" height=\"640\" data-id=\"4376\" src=\"https:\/\/www.espacegraphique.com\/blog\/wp-content\/uploads\/2024\/12\/12-4.jpg\" alt=\"\" class=\"wp-image-4376\" srcset=\"https:\/\/www.espacegraphique.com\/blog\/wp-content\/uploads\/2024\/12\/12-4.jpg 480w, https:\/\/www.espacegraphique.com\/blog\/wp-content\/uploads\/2024\/12\/12-4-225x300.jpg 225w\" sizes=\"auto, (max-width: 480px) 100vw, 480px\" \/><\/a><figcaption class=\"wp-element-caption\">Melissa (M\u00e9lisse) &#8211; Fleur<\/figcaption><\/figure>\n\n\n\n<figure class=\"wp-block-image size-large\"><a href=\"https:\/\/www.espacegraphique.com\/blog\/wp-content\/uploads\/2024\/12\/11-4.jpg\"><img loading=\"lazy\" decoding=\"async\" width=\"640\" height=\"480\" data-id=\"4375\" src=\"https:\/\/www.espacegraphique.com\/blog\/wp-content\/uploads\/2024\/12\/11-4.jpg\" alt=\"\" class=\"wp-image-4375\" srcset=\"https:\/\/www.espacegraphique.com\/blog\/wp-content\/uploads\/2024\/12\/11-4.jpg 640w, https:\/\/www.espacegraphique.com\/blog\/wp-content\/uploads\/2024\/12\/11-4-300x225.jpg 300w\" sizes=\"auto, (max-width: 640px) 100vw, 640px\" \/><\/a><figcaption class=\"wp-element-caption\">Glechoma hederacea L. (Lierre terrestre)<\/figcaption><\/figure>\n\n\n\n<figure class=\"wp-block-image size-large\"><a href=\"https:\/\/www.espacegraphique.com\/blog\/wp-content\/uploads\/2024\/12\/10-4.jpg\"><img loading=\"lazy\" decoding=\"async\" width=\"640\" height=\"480\" data-id=\"4374\" src=\"https:\/\/www.espacegraphique.com\/blog\/wp-content\/uploads\/2024\/12\/10-4.jpg\" alt=\"\" class=\"wp-image-4374\" srcset=\"https:\/\/www.espacegraphique.com\/blog\/wp-content\/uploads\/2024\/12\/10-4.jpg 640w, https:\/\/www.espacegraphique.com\/blog\/wp-content\/uploads\/2024\/12\/10-4-300x225.jpg 300w\" sizes=\"auto, (max-width: 640px) 100vw, 640px\" \/><\/a><figcaption class=\"wp-element-caption\">Prunella vulgaris L. (Prunelle commune)<\/figcaption><\/figure>\n\n\n\n<figure class=\"wp-block-image size-large\"><a href=\"https:\/\/www.espacegraphique.com\/blog\/wp-content\/uploads\/2024\/12\/8-4.jpg\"><img loading=\"lazy\" decoding=\"async\" width=\"480\" height=\"640\" data-id=\"4372\" src=\"https:\/\/www.espacegraphique.com\/blog\/wp-content\/uploads\/2024\/12\/8-4.jpg\" alt=\"\" class=\"wp-image-4372\" srcset=\"https:\/\/www.espacegraphique.com\/blog\/wp-content\/uploads\/2024\/12\/8-4.jpg 480w, https:\/\/www.espacegraphique.com\/blog\/wp-content\/uploads\/2024\/12\/8-4-225x300.jpg 225w\" sizes=\"auto, (max-width: 480px) 100vw, 480px\" \/><\/a><figcaption class=\"wp-element-caption\">Molucella (Clochette d&rsquo;Irlande)<\/figcaption><\/figure>\n\n\n\n<figure class=\"wp-block-image size-large\"><a href=\"https:\/\/www.espacegraphique.com\/blog\/wp-content\/uploads\/2024\/12\/7-5.jpg\"><img loading=\"lazy\" decoding=\"async\" width=\"480\" height=\"640\" data-id=\"4371\" src=\"https:\/\/www.espacegraphique.com\/blog\/wp-content\/uploads\/2024\/12\/7-5.jpg\" alt=\"\" class=\"wp-image-4371\" srcset=\"https:\/\/www.espacegraphique.com\/blog\/wp-content\/uploads\/2024\/12\/7-5.jpg 480w, https:\/\/www.espacegraphique.com\/blog\/wp-content\/uploads\/2024\/12\/7-5-225x300.jpg 225w\" sizes=\"auto, (max-width: 480px) 100vw, 480px\" \/><\/a><figcaption class=\"wp-element-caption\">Molucella (Clochette d&rsquo;Irlande) &#8211; Fleurs<\/figcaption><\/figure>\n\n\n\n<figure class=\"wp-block-image size-large\"><a href=\"https:\/\/www.espacegraphique.com\/blog\/wp-content\/uploads\/2024\/12\/6-5.jpg\"><img loading=\"lazy\" decoding=\"async\" width=\"640\" height=\"480\" data-id=\"4370\" src=\"https:\/\/www.espacegraphique.com\/blog\/wp-content\/uploads\/2024\/12\/6-5.jpg\" alt=\"\" class=\"wp-image-4370\" srcset=\"https:\/\/www.espacegraphique.com\/blog\/wp-content\/uploads\/2024\/12\/6-5.jpg 640w, https:\/\/www.espacegraphique.com\/blog\/wp-content\/uploads\/2024\/12\/6-5-300x225.jpg 300w\" sizes=\"auto, (max-width: 640px) 100vw, 640px\" \/><\/a><figcaption class=\"wp-element-caption\">Mentha aquatica (Menthe aquatique) &#8211; Marais<\/figcaption><\/figure>\n\n\n\n<figure class=\"wp-block-image size-large\"><a href=\"https:\/\/www.espacegraphique.com\/blog\/wp-content\/uploads\/2024\/12\/5-5.jpg\"><img loading=\"lazy\" decoding=\"async\" width=\"640\" height=\"480\" data-id=\"4369\" src=\"https:\/\/www.espacegraphique.com\/blog\/wp-content\/uploads\/2024\/12\/5-5.jpg\" alt=\"\" class=\"wp-image-4369\" srcset=\"https:\/\/www.espacegraphique.com\/blog\/wp-content\/uploads\/2024\/12\/5-5.jpg 640w, https:\/\/www.espacegraphique.com\/blog\/wp-content\/uploads\/2024\/12\/5-5-300x225.jpg 300w\" sizes=\"auto, (max-width: 640px) 100vw, 640px\" \/><\/a><figcaption class=\"wp-element-caption\">Mentha aquatica (Menthe aquatique) &#8211; Fleurs<\/figcaption><\/figure>\n\n\n\n<figure class=\"wp-block-image size-large\"><a href=\"https:\/\/www.espacegraphique.com\/blog\/wp-content\/uploads\/2024\/12\/4-5.jpg\"><img loading=\"lazy\" decoding=\"async\" width=\"480\" height=\"640\" data-id=\"4368\" src=\"https:\/\/www.espacegraphique.com\/blog\/wp-content\/uploads\/2024\/12\/4-5.jpg\" alt=\"\" class=\"wp-image-4368\" srcset=\"https:\/\/www.espacegraphique.com\/blog\/wp-content\/uploads\/2024\/12\/4-5.jpg 480w, https:\/\/www.espacegraphique.com\/blog\/wp-content\/uploads\/2024\/12\/4-5-225x300.jpg 225w\" sizes=\"auto, (max-width: 480px) 100vw, 480px\" \/><\/a><figcaption class=\"wp-element-caption\">Lamiastrum galeobdolon (Ortie jaune) &#8211; Boutons<\/figcaption><\/figure>\n\n\n\n<figure class=\"wp-block-image size-large\"><a href=\"https:\/\/www.espacegraphique.com\/blog\/wp-content\/uploads\/2024\/12\/3-5.jpg\"><img loading=\"lazy\" decoding=\"async\" width=\"480\" height=\"640\" data-id=\"4367\" src=\"https:\/\/www.espacegraphique.com\/blog\/wp-content\/uploads\/2024\/12\/3-5.jpg\" alt=\"\" class=\"wp-image-4367\" srcset=\"https:\/\/www.espacegraphique.com\/blog\/wp-content\/uploads\/2024\/12\/3-5.jpg 480w, https:\/\/www.espacegraphique.com\/blog\/wp-content\/uploads\/2024\/12\/3-5-225x300.jpg 225w\" sizes=\"auto, (max-width: 480px) 100vw, 480px\" \/><\/a><figcaption class=\"wp-element-caption\">Lamiastrum galeobdolon (Ortie jaune)<\/figcaption><\/figure>\n\n\n\n<figure class=\"wp-block-image size-large\"><a href=\"https:\/\/www.espacegraphique.com\/blog\/wp-content\/uploads\/2024\/12\/2-5.jpg\"><img loading=\"lazy\" decoding=\"async\" width=\"480\" height=\"640\" data-id=\"4366\" src=\"https:\/\/www.espacegraphique.com\/blog\/wp-content\/uploads\/2024\/12\/2-5.jpg\" alt=\"\" class=\"wp-image-4366\" srcset=\"https:\/\/www.espacegraphique.com\/blog\/wp-content\/uploads\/2024\/12\/2-5.jpg 480w, https:\/\/www.espacegraphique.com\/blog\/wp-content\/uploads\/2024\/12\/2-5-225x300.jpg 225w\" sizes=\"auto, (max-width: 480px) 100vw, 480px\" \/><\/a><figcaption class=\"wp-element-caption\">Lamium album (Lamier blanc, Ortie blanche) &#8211; Fleurs<\/figcaption><\/figure>\n<\/figure>\n\n\n\n<p class=\"has-medium-font-size\">Articles similaires<\/p>\n\n\n\n<figure class=\"wp-block-table\"><table class=\"has-fixed-layout\"><tbody><tr><td><br><br><br><\/td><\/tr><\/tbody><\/table><\/figure>\n\n\n\n<div class=\"wp-block-query is-layout-flow wp-block-query-is-layout-flow\"><ul class=\"wp-block-post-template is-layout-flow wp-block-post-template-is-layout-flow\"><li class=\"wp-block-post post-600 post type-post status-publish format-standard has-post-thumbnail hentry category-photos tag-couleur tag-fleur tag-lumiere tag-photos tag-violette\">\n<h2 class=\"wp-block-post-title\"><a href=\"https:\/\/www.espacegraphique.com\/blog\/photos\/lamier-pourpre-saisi-par-le-gel-600\" target=\"_self\" >Lamier pourpre saisi par le gel<\/a><\/h2>\n\n<figure class=\"alignwide wp-block-post-featured-image\"><a href=\"https:\/\/www.espacegraphique.com\/blog\/photos\/lamier-pourpre-saisi-par-le-gel-600\" target=\"_self\"  ><img loading=\"lazy\" decoding=\"async\" width=\"630\" height=\"239\" src=\"https:\/\/www.espacegraphique.com\/blog\/wp-content\/uploads\/2011\/03\/lamier-pourpre1.jpg\" class=\"attachment-post-thumbnail size-post-thumbnail wp-post-image\" alt=\"Lamier pourpre saisi par le gel\" style=\"object-fit:cover;\" srcset=\"https:\/\/www.espacegraphique.com\/blog\/wp-content\/uploads\/2011\/03\/lamier-pourpre1.jpg 630w, https:\/\/www.espacegraphique.com\/blog\/wp-content\/uploads\/2011\/03\/lamier-pourpre1-300x113.jpg 300w\" sizes=\"auto, (max-width: 630px) 100vw, 630px\" \/><\/a><\/figure>\n\n<div class=\"wp-block-post-excerpt\"><p class=\"wp-block-post-excerpt__excerpt\">Voici une petite plante de la famille des Labi\u00e9es qui est tr\u00e8s commune mais qui est comestible. <\/p><\/div>\n\n\n<hr class=\"wp-block-separator has-css-opacity\"\/>\n\n\n<div class=\"wp-block-post-date\"><time datetime=\"2011-03-21T10:22:20+02:00\">21 mars 2011<\/time><\/div>\n<\/li><\/ul><\/div>\n","protected":false},"excerpt":{"rendered":"<p>Famille des Labi\u00e9es &gt; Photos Galerie photos de fleurs de Labi\u00e9es. De la Menthe poivr\u00e9e \u00e0 l&rsquo;Ortie blanche en passant par le Lierre terrestre. Articles similaires<\/p>\n","protected":false},"author":1,"featured_media":4378,"parent":0,"menu_order":0,"comment_status":"closed","ping_status":"closed","template":"","meta":{"footnotes":""},"class_list":["post-4363","page","type-page","status-publish","has-post-thumbnail","hentry"],"aioseo_notices":[],"_links":{"self":[{"href":"https:\/\/www.espacegraphique.com\/blog\/wp-json\/wp\/v2\/pages\/4363","targetHints":{"allow":["GET"]}}],"collection":[{"href":"https:\/\/www.espacegraphique.com\/blog\/wp-json\/wp\/v2\/pages"}],"about":[{"href":"https:\/\/www.espacegraphique.com\/blog\/wp-json\/wp\/v2\/types\/page"}],"author":[{"embeddable":true,"href":"https:\/\/www.espacegraphique.com\/blog\/wp-json\/wp\/v2\/users\/1"}],"replies":[{"embeddable":true,"href":"https:\/\/www.espacegraphique.com\/blog\/wp-json\/wp\/v2\/comments?post=4363"}],"version-history":[{"count":4,"href":"https:\/\/www.espacegraphique.com\/blog\/wp-json\/wp\/v2\/pages\/4363\/revisions"}],"predecessor-version":[{"id":4383,"href":"https:\/\/www.espacegraphique.com\/blog\/wp-json\/wp\/v2\/pages\/4363\/revisions\/4383"}],"wp:featuredmedia":[{"embeddable":true,"href":"https:\/\/www.espacegraphique.com\/blog\/wp-json\/wp\/v2\/media\/4378"}],"wp:attachment":[{"href":"https:\/\/www.espacegraphique.com\/blog\/wp-json\/wp\/v2\/media?parent=4363"}],"curies":[{"name":"wp","href":"https:\/\/api.w.org\/{rel}","templated":true}]}}

Photos de Labiées

<p><a href="https://www.espacegraphique.com/labiees/mentha.php" title="">Famille des Labiées</a> &gt; Photos</p>



<p>Galerie photos de fleurs de Labiées. De la Menthe poivrée à l&rsquo;Ortie blanche en passant par le Lierre terrestre.</p>



<figure class="wp-block-gallery has-nested-images columns-default is-cropped wp-block-gallery-1 is-layout-flex wp-block-gallery-is-layout-flex">
<figure class="wp-block-image size-large"><a href="https://www.espacegraphique.com/blog/wp-content/uploads/2024/12/14-4.jpg"><img loading="lazy" decoding="async" width="640" height="480" data-id="4378" src="https://www.espacegraphique.com/blog/wp-content/uploads/2024/12/14-4.jpg" alt="" class="wp-image-4378" srcset="https://www.espacegraphique.com/blog/wp-content/uploads/2024/12/14-4.jpg 640w, https://www.espacegraphique.com/blog/wp-content/uploads/2024/12/14-4-300x225.jpg 300w" sizes="auto, (max-width: 640px) 100vw, 640px" /></a><figcaption class="wp-element-caption">Mentha x piperita (Menthe poivrée, Milly la forêt) </figcaption></figure>



<figure class="wp-block-image size-large"><a href="https://www.espacegraphique.com/blog/wp-content/uploads/2024/12/1-5.jpg"><img loading="lazy" decoding="async" width="480" height="640" data-id="4365" src="https://www.espacegraphique.com/blog/wp-content/uploads/2024/12/1-5.jpg" alt="" class="wp-image-4365" srcset="https://www.espacegraphique.com/blog/wp-content/uploads/2024/12/1-5.jpg 480w, https://www.espacegraphique.com/blog/wp-content/uploads/2024/12/1-5-225x300.jpg 225w" sizes="auto, (max-width: 480px) 100vw, 480px" /></a><figcaption class="wp-element-caption">Lamium album (Lamier blanc, Ortie blanche) &#8211; Fleurs</figcaption></figure>



<figure class="wp-block-image size-large"><a href="https://www.espacegraphique.com/blog/wp-content/uploads/2024/12/13-4.jpg"><img loading="lazy" decoding="async" width="480" height="640" data-id="4377" src="https://www.espacegraphique.com/blog/wp-content/uploads/2024/12/13-4.jpg" alt="" class="wp-image-4377" srcset="https://www.espacegraphique.com/blog/wp-content/uploads/2024/12/13-4.jpg 480w, https://www.espacegraphique.com/blog/wp-content/uploads/2024/12/13-4-225x300.jpg 225w" sizes="auto, (max-width: 480px) 100vw, 480px" /></a><figcaption class="wp-element-caption">Lycope d&rsquo;Europe (Lycopus europaeus L.)</figcaption></figure>



<figure class="wp-block-image size-large"><a href="https://www.espacegraphique.com/blog/wp-content/uploads/2024/12/12-4.jpg"><img loading="lazy" decoding="async" width="480" height="640" data-id="4376" src="https://www.espacegraphique.com/blog/wp-content/uploads/2024/12/12-4.jpg" alt="" class="wp-image-4376" srcset="https://www.espacegraphique.com/blog/wp-content/uploads/2024/12/12-4.jpg 480w, https://www.espacegraphique.com/blog/wp-content/uploads/2024/12/12-4-225x300.jpg 225w" sizes="auto, (max-width: 480px) 100vw, 480px" /></a><figcaption class="wp-element-caption">Melissa (Mélisse) &#8211; Fleur</figcaption></figure>



<figure class="wp-block-image size-large"><a href="https://www.espacegraphique.com/blog/wp-content/uploads/2024/12/11-4.jpg"><img loading="lazy" decoding="async" width="640" height="480" data-id="4375" src="https://www.espacegraphique.com/blog/wp-content/uploads/2024/12/11-4.jpg" alt="" class="wp-image-4375" srcset="https://www.espacegraphique.com/blog/wp-content/uploads/2024/12/11-4.jpg 640w, https://www.espacegraphique.com/blog/wp-content/uploads/2024/12/11-4-300x225.jpg 300w" sizes="auto, (max-width: 640px) 100vw, 640px" /></a><figcaption class="wp-element-caption">Glechoma hederacea L. (Lierre terrestre)</figcaption></figure>



<figure class="wp-block-image size-large"><a href="https://www.espacegraphique.com/blog/wp-content/uploads/2024/12/10-4.jpg"><img loading="lazy" decoding="async" width="640" height="480" data-id="4374" src="https://www.espacegraphique.com/blog/wp-content/uploads/2024/12/10-4.jpg" alt="" class="wp-image-4374" srcset="https://www.espacegraphique.com/blog/wp-content/uploads/2024/12/10-4.jpg 640w, https://www.espacegraphique.com/blog/wp-content/uploads/2024/12/10-4-300x225.jpg 300w" sizes="auto, (max-width: 640px) 100vw, 640px" /></a><figcaption class="wp-element-caption">Prunella vulgaris L. (Prunelle commune)</figcaption></figure>



<figure class="wp-block-image size-large"><a href="https://www.espacegraphique.com/blog/wp-content/uploads/2024/12/8-4.jpg"><img loading="lazy" decoding="async" width="480" height="640" data-id="4372" src="https://www.espacegraphique.com/blog/wp-content/uploads/2024/12/8-4.jpg" alt="" class="wp-image-4372" srcset="https://www.espacegraphique.com/blog/wp-content/uploads/2024/12/8-4.jpg 480w, https://www.espacegraphique.com/blog/wp-content/uploads/2024/12/8-4-225x300.jpg 225w" sizes="auto, (max-width: 480px) 100vw, 480px" /></a><figcaption class="wp-element-caption">Molucella (Clochette d&rsquo;Irlande)</figcaption></figure>



<figure class="wp-block-image size-large"><a href="https://www.espacegraphique.com/blog/wp-content/uploads/2024/12/7-5.jpg"><img loading="lazy" decoding="async" width="480" height="640" data-id="4371" src="https://www.espacegraphique.com/blog/wp-content/uploads/2024/12/7-5.jpg" alt="" class="wp-image-4371" srcset="https://www.espacegraphique.com/blog/wp-content/uploads/2024/12/7-5.jpg 480w, https://www.espacegraphique.com/blog/wp-content/uploads/2024/12/7-5-225x300.jpg 225w" sizes="auto, (max-width: 480px) 100vw, 480px" /></a><figcaption class="wp-element-caption">Molucella (Clochette d&rsquo;Irlande) &#8211; Fleurs</figcaption></figure>



<figure class="wp-block-image size-large"><a href="https://www.espacegraphique.com/blog/wp-content/uploads/2024/12/6-5.jpg"><img loading="lazy" decoding="async" width="640" height="480" data-id="4370" src="https://www.espacegraphique.com/blog/wp-content/uploads/2024/12/6-5.jpg" alt="" class="wp-image-4370" srcset="https://www.espacegraphique.com/blog/wp-content/uploads/2024/12/6-5.jpg 640w, https://www.espacegraphique.com/blog/wp-content/uploads/2024/12/6-5-300x225.jpg 300w" sizes="auto, (max-width: 640px) 100vw, 640px" /></a><figcaption class="wp-element-caption">Mentha aquatica (Menthe aquatique) &#8211; Marais</figcaption></figure>



<figure class="wp-block-image size-large"><a href="https://www.espacegraphique.com/blog/wp-content/uploads/2024/12/5-5.jpg"><img loading="lazy" decoding="async" width="640" height="480" data-id="4369" src="https://www.espacegraphique.com/blog/wp-content/uploads/2024/12/5-5.jpg" alt="" class="wp-image-4369" srcset="https://www.espacegraphique.com/blog/wp-content/uploads/2024/12/5-5.jpg 640w, https://www.espacegraphique.com/blog/wp-content/uploads/2024/12/5-5-300x225.jpg 300w" sizes="auto, (max-width: 640px) 100vw, 640px" /></a><figcaption class="wp-element-caption">Mentha aquatica (Menthe aquatique) &#8211; Fleurs</figcaption></figure>



<figure class="wp-block-image size-large"><a href="https://www.espacegraphique.com/blog/wp-content/uploads/2024/12/4-5.jpg"><img loading="lazy" decoding="async" width="480" height="640" data-id="4368" src="https://www.espacegraphique.com/blog/wp-content/uploads/2024/12/4-5.jpg" alt="" class="wp-image-4368" srcset="https://www.espacegraphique.com/blog/wp-content/uploads/2024/12/4-5.jpg 480w, https://www.espacegraphique.com/blog/wp-content/uploads/2024/12/4-5-225x300.jpg 225w" sizes="auto, (max-width: 480px) 100vw, 480px" /></a><figcaption class="wp-element-caption">Lamiastrum galeobdolon (Ortie jaune) &#8211; Boutons</figcaption></figure>



<figure class="wp-block-image size-large"><a href="https://www.espacegraphique.com/blog/wp-content/uploads/2024/12/3-5.jpg"><img loading="lazy" decoding="async" width="480" height="640" data-id="4367" src="https://www.espacegraphique.com/blog/wp-content/uploads/2024/12/3-5.jpg" alt="" class="wp-image-4367" srcset="https://www.espacegraphique.com/blog/wp-content/uploads/2024/12/3-5.jpg 480w, https://www.espacegraphique.com/blog/wp-content/uploads/2024/12/3-5-225x300.jpg 225w" sizes="auto, (max-width: 480px) 100vw, 480px" /></a><figcaption class="wp-element-caption">Lamiastrum galeobdolon (Ortie jaune)</figcaption></figure>



<figure class="wp-block-image size-large"><a href="https://www.espacegraphique.com/blog/wp-content/uploads/2024/12/2-5.jpg"><img loading="lazy" decoding="async" width="480" height="640" data-id="4366" src="https://www.espacegraphique.com/blog/wp-content/uploads/2024/12/2-5.jpg" alt="" class="wp-image-4366" srcset="https://www.espacegraphique.com/blog/wp-content/uploads/2024/12/2-5.jpg 480w, https://www.espacegraphique.com/blog/wp-content/uploads/2024/12/2-5-225x300.jpg 225w" sizes="auto, (max-width: 480px) 100vw, 480px" /></a><figcaption class="wp-element-caption">Lamium album (Lamier blanc, Ortie blanche) &#8211; Fleurs</figcaption></figure>
</figure>



<p class="has-medium-font-size">Articles similaires</p>



<figure class="wp-block-table"><table class="has-fixed-layout"><tbody><tr><td><br><br><br></td></tr></tbody></table></figure>



<div class="wp-block-query is-layout-flow wp-block-query-is-layout-flow"><ul class="wp-block-post-template is-layout-flow wp-block-post-template-is-layout-flow"><li class="wp-block-post post-600 post type-post status-publish format-standard has-post-thumbnail hentry category-photos tag-couleur tag-fleur tag-lumiere tag-photos tag-violette">
<h2 class="wp-block-post-title"><a href="https://www.espacegraphique.com/blog/photos/lamier-pourpre-saisi-par-le-gel-600" target="_self" >Lamier pourpre saisi par le gel</a></h2>

<figure class="alignwide wp-block-post-featured-image"><a href="https://www.espacegraphique.com/blog/photos/lamier-pourpre-saisi-par-le-gel-600" target="_self"  ><img loading="lazy" decoding="async" width="630" height="239" src="https://www.espacegraphique.com/blog/wp-content/uploads/2011/03/lamier-pourpre1.jpg" class="attachment-post-thumbnail size-post-thumbnail wp-post-image" alt="Lamier pourpre saisi par le gel" style="object-fit:cover;" srcset="https://www.espacegraphique.com/blog/wp-content/uploads/2011/03/lamier-pourpre1.jpg 630w, https://www.espacegraphique.com/blog/wp-content/uploads/2011/03/lamier-pourpre1-300x113.jpg 300w" sizes="auto, (max-width: 630px) 100vw, 630px" /></a></figure>

<div class="wp-block-post-excerpt"><p class="wp-block-post-excerpt__excerpt">Voici une petite plante de la famille des Labiées qui est très commune mais qui est comestible. </p></div>


<hr class="wp-block-separator has-css-opacity"/>


<div class="wp-block-post-date"><time datetime="2011-03-21T10:22:20+02:00">21 mars 2011</time></div>
</li></ul></div>

<p>Famille des Labiées &gt; Photos Galerie photos de fleurs de Labiées. De la Menthe poivrée à l&rsquo;Ortie blanche en passant par le Lierre terrestre. Articles similaires</p>
